factors of w(q)?
2
Suppose -15*k = -16*k + 121. Suppose -k*f - 192 = -123*f. List the prime factors of f.
2, 3
Let i(u) = -u**2 - 9*u - 3. Let b be i(-8). Suppose b = 4*w - 39. Suppose 0 = l + w - 37. List the prime factors of l.
2, 13
Let b = -4 + 9. Suppose 3*j - 2 = -2*d - 6, -b*d - 10 = -5*j. Suppose 3*m - 36 = -j*m. What are the prime factors of m?
2, 3
Suppose 4140 = 29*u - 9258. List the prime factors of u.
2, 3, 7, 11
Let o be 6/9 + (-100)/(-12). Let w be 474/9 + (-6)/o. Let d = -24 + w. What are the prime factors of d?
2, 7
Let k(y) = 2622*y**2 + 9*y + 3. List the prime factors of k(-1).
2, 3, 109
Let p(q) = -q**3 + 8*q**2 - 5*q - 14. Let n be p(7). Suppose g + y - 26 = n, 0*g - g = 4*y - 26. List the prime factors of g.
2, 13
Suppose 5*u + 0*u - 5*y = -20, -5*u - 3*y = -12. Suppose u = p + 3*p - 128. What are the prime factors of p?
2
Suppose -1 - 2 = -h. Suppose -18 = -t - 3*a, h*t - t + 3*a = 21. Suppose -t*w + 46 = 2*s, -w = s - 0*s - 17. What are the prime factors of w?
2, 3
Let m(a) = 7*a + 9. Let u be ((-46)/(-8) - 5)/((-1)/(-8)). What are the prime factors of m(u)?
3, 17
Let p(i) = i**3 + 6*i**2 + 5*i - 3. Let o be p(-4). Let b(x) = 11*x - x**3 - 4*x - 3*x + o + 0*x - 6*x**2. What are the prime factors of b(-7)?
2, 3, 5
Let c(v) = 14*v**2 + v. Suppose -4*z + 0 = -5*f + 7, -7 = -2*f + 3*z. List the prime factors of c(f).
13
Let d(z) be the second derivative of -5*z - 1/6*z**3 + 7/2*z**2 + 0. What are the prime factors of d(-6)?
13
Suppose 3*b + 3*w - 2415 = 0, -11*w + 9*w + 3228 = 4*b. List the prime factors of b.
809
Let s(z) = -z + 27. Let h be s(8). Let v = -21 + h. Let i = 15 - v. List the prime factors of i.
17
Let l(a) = 2*a**2 - 5*a + 4. Let t be l(3). Suppose 58 = -t*u + 163. What are the prime factors of u?
3, 5
Suppose -a + 387 = -4*f, -a + 4*f + 381 = 2*f. What are the prime factors of a?
3, 5
Let b = -25 - -21. Let o be (0 + -1)*(4 + b). List the prime factors of 86/(o - -3 - 1).
43
Let b(m) = -m**3 - 11*m**2 - 31*m - 25. What are the prime factors of b(-9)?
2, 23
Let o(i) be the third derivative of -i**5/30 - 7*i**4/12 + 7*i**3/6 - 11*i**2. Let b be o(-10). List the prime factors of (3 + -4)*b + -1.
2, 13
What are the prime factors of 1 - ((-117)/(-5))/(2/(-130))?
2, 761
Suppose 2*t + 0 = -126. Let x = t + 97. List the prime factors of x.
2, 17
Let p(u) = -u**3 - 12*u**2 + 3. Let z be p(-12). Suppose -a - 4*a - 119 = -z*x, -x + 37 = -3*a. What are the prime factors of x?
43
Suppose -39*n - 55*n + 304936 = 0. List the prime factors of n.
2, 811
Suppose 4*q + 2*c - 1810 = 0, 0*q + 3*c = 3*q - 1344. What are the prime factors of q?
11, 41
Let h be 19*(-1)/2*2. Let l = h - -23. Suppose 0 = 5*c - 5*i - 280, 4*c - l*i + 100 = 6*c. List the prime factors of c.
2, 3
Let l(z) be the first derivative of -z**4/4 + 2*z**3/3 + 2*z - 5. Let r be l(2). Suppose r*a + 11 - 37 = 0. List the prime factors of a.
13
Suppose m = 4*b - 119, -b - 4 = -2*b. Let f = 161 + m. What are the prime factors of f?
2, 29
Let m(n) = n**2 - 4*n - 6. Let b be m(6). Suppose -3*d = -6*d + b. Suppose 0 = -d*x - 9 + 33. What are the prime factors of x?
2, 3
What are the prime factors of 15 - 2 - 177030/(-42)?
2, 7, 151
Suppose -2*t - 1 + 0 = 5*o, 0 = -3*t - 4*o + 2. Suppose -h = -5*y + 76, 0*y = t*y - 2*h - 32. What are the prime factors of y?
3, 5
Let z(b) = b**3 + 5*b**2 + 2*b - 5. Let j be z(-4). Suppose -w + 152 = j*w. List the prime factors of w.
2, 19
Let m(r) = 19*r + 13. Let q be m(-1). List the prime factors of q*6/(-9) + -6 + 4.
2
Suppose 0*z - 22 = -3*z - h, -h - 2 = -z. Let f(c) = 5*c + 16. List the prime factors of f(z).
2, 23
Suppose 6*a = a + 3*p + 2584, 2*a - 1039 = 3*p. What are the prime factors of a?
5, 103
Suppose 0 = 133*d - 129*d - 940. List the prime factors of d.
5, 47
Suppose -g = -0*g + m - 16, -3*g + 5*m = -32. Let i = -13 + g. Suppose -3*z - i = -43. What are the prime factors of z?
2, 7
List the prime factors of 3/21 + 139680/280.
499
Let w be (240/84)/((-3)/(-21)). What are the prime factors of ((-15)/w)/((-2)/336)?
2, 3, 7
Suppose -25*x + 10 = -20*x. Suppose 2*o + s - 4 = 6, s + x = 0. Let a(y) = y**3 - 7*y**2 + 7*y + 6. What are the prime factors of a(o)?
2, 3
Let b(q) = 12*q + 12. Let y be 7 + (-4 + -4)/(-4). List the prime factors of b(y).
2, 3, 5
Suppose -27*p + 28 = -23*p. What are the prime factors of p/28 - (-15)/4?
2
What are the prime factors of 2/(-4) + 3969/14?
283
Suppose -3*j = -34 + 4. Let o = j - 16. List the prime factors of (30*(-4)/o)/1.
2, 5
Let u = -746 - -1430. What are the prime factors of u?
2, 3, 19
Let l = 55 - 53. Suppose l*h - 191 = 141. What are the prime factors of h?
2, 83
Suppose 3*d + 464 = 1718. What are the prime factors of d?
2, 11, 19
Suppose 6 = -49*z + 50*z. Suppose 801 = z*i + 141. List the prime factors of i.
2, 5, 11
Let h = -21 - -18. Let y(u) = -2*u**3 - 2*u**2 - u + 1. List the prime factors of y(h).
2, 5
Suppose -9*q + 74 = -1465. Suppose 5*y - 3*d - q = 0, 0 = -3*y - 0*y + 2*d + 102. Suppose 44 = a - y. List the prime factors of a.
2, 5
Suppose -3*t + 4*t - 4 = 0. Suppose -t*q + 96 = -2*q. List the prime factors of q.
2, 3
Suppose -31 = 3*g - 40. List the prime factors of (4/3)/((-98)/33 + g).
2, 11
Let q(b) = -9*b + 3. Let s be q(-5). Suppose -82 = -2*a + s. Suppose 3*j + r - 31 = 12, 5*j + 5*r = a. What are the prime factors of j?
3, 5
Let b(n) = -95*n + 11. What are the prime factors of b(-5)?
2, 3
Let a(w) = -w**3 - 9*w**2 - 15*w + 8. Let y = -51 + 44. What are the prime factors of a(y)?
3, 5
Let b(i) = -i**2 - 7*i + 1. Let s be b(-7). List the prime factors of s/(-1) - (-41 - 7).
47
Suppose -42 = 2*w - 0. Suppose 3*y + 5*t = 0, y + t = -0*t. What are the prime factors of 3 + (y - (0 + w))?
2, 3
Let x = -3055 - -4844. List the prime factors of x.
1789
Let n(b) = 5*b + 18. Let g be n(10). Let h(q) = q**3 - 5*q**2 + 7*q - 5. Let x be h(5). Let f = g - x. What are the prime factors of f?
2, 19
Let v = 1 + 0. Let b be 2 + -4 + v + 6. Suppose 0 = -g - 4*y + 10, b*g - 34 = -3*y - y. List the prime factors of g.
2, 3
Let t = -605 + 938. What are the prime factors of t?
3, 37
Let b(t) = -t**3 - 16*t**2 + 3. Let q be b(-16). Suppose -2*z + 0*s - 72 = -s, q*z + 107 = s. Let i = z - -57. List the prime factors of i.
2, 11
Suppose -2*g + g = 5*o - 7, -2*o + 3*g = -13. Suppose -o*h = 5*v - 14, v = -0*h + 3*h - 4. What are the prime factors of ((-6)/(-3) - h) + 2?
2
Suppose 13653 - 45645 = -31*w. What are the prime factors of w?
2, 3, 43
Let k(m) = 16*m**2 + 48*m + 38. List the prime factors of k(-11).
2, 3, 241
Let a = -949 + 1693. What are the prime factors of a?
2, 3, 31
Let k(i) = i + 2. Let v(t) = t**2 - t + 10. Suppose -4*w + 4 = 3*x, 3*w - 5 = 2*x - 2*w. Let c be v(x). What are the prime factors of k(c)?
2, 3
Let m(h) = 411*h**2 - 5*h + 4. What are the prime factors of m(1)?
2, 5, 41
Let o(u) = 3*u + 4. Suppose 3*s + 2 = t, -s = -4*t - 4*s - 37. Let y = 11 + t. List the prime factors of o(y).
2
Let b be 0 + 3 - (278 + 6). Let z = b - -449. List the prime factors of z.
2, 3, 7
Suppose 0*t - t - 4*u = -3, -4*t = -5*u + 93. Let j(r) = -3*r + 15. List the prime factors of j(t).
2, 3, 11
Let h be (-18)/4*(-124)/6. Suppose 5*s - h = 3*i, -4*i - 3*s = -0*s + 95. Let x = 44 + i. What are the prime factors of x?
2, 3
Suppose -11*b + 4*b + 4326 = 0. List the prime factors of b.
2, 3, 103
What are the prime factors of 7*(3 - 7208/(-56))?
2, 461
Let s(x) = 4*x + 1. What are the prime factors of s(6)?
5
Suppose 0*d + 4 = d. Suppose d*h = 10*h + 24. What are the prime factors of 1*54*(-2)/h?
3
What are the prime factors of (2/8)/(25/1900)?
19
Suppose -54 - 86 = 4*t. Let z = -43 - -38. List the prime factors of z/((-10)/(-4)) - t.
3, 11
Let m(c) = c**3 + 23*c**2 + 21*c + 35. What are the prime factors of m(-19)?
2, 3, 5
Suppose l + 6*l - 448 = 0. Suppose 2*v - 63 = i + l, v = 5*i + 68. List the prime factors of v.
3, 7
Let l(m) = 27*m - 80. What are the prime factors of l(33)?
811
Suppose 112728 = 4*j + 52*j. List the prime factors of j.
3, 11, 61
Suppose 14*z - 7 + 203 = 0. Let s = z - -195. What are the prime factors of s?
181
Let v(x) = x**3 - 14*x**2 - 17*x - 20. Let k be v(15). List the prime factors of ((-3)/3 - -12)/((-2)/k).
5, 11
Let o(p) = 2*p + 24. Suppose 36*n - 25 = 41*n. What ar